{"id":133,"date":"2014-09-01T10:34:43","date_gmt":"2014-09-01T15:34:43","guid":{"rendered":"http:\/\/www.besixplus.com\/ws\/?page_id=133"},"modified":"2014-09-01T13:17:11","modified_gmt":"2014-09-01T18:17:11","slug":"sgd-sistema-de-gestion-documental","status":"publish","type":"page","link":"https:\/\/www.besixplus.com\/?page_id=133","title":{"rendered":"SGD"},"content":{"rendered":"<p>Un software de gesti\u00f3n documental es una aplicaci\u00f3n que permite el tratamiento, conservaci\u00f3n, publicaci\u00f3n y trabajo sobre documentos electr\u00f3nicos (ya sean documentos escaneados o que se haya creado originalmente en digital).<\/p>\n<p>BSX pone su disposici\u00f3n nuestra herramienta <strong>SGD Sistema de gesti\u00f3n documental<\/strong> para su instituci\u00f3n.<\/p>\n<p><strong>Ventajas de un sistema de gesti\u00f3n documental SGD<\/strong><\/p>\n<ul>\n<li>Reducci\u00f3n a 0 del tiempo en entrada manual de metadatos: Extraer informaci\u00f3n del contenido del documento y utilizarla para identificar, describir y distinguir un documento ocupa el tiempo de los trabajadores cuando podr\u00eda hacerse de forma autom\u00e1tica.<\/li>\n<li>Reducci\u00f3n a 0 del tiempo dedicado a la clasificaci\u00f3n de documentos: Identificar el tipo de activo digital que estamos manejando y guardarlo en su respectiva ubicaci\u00f3n, no tiene que ser una tarea realizada por personas.<\/li>\n<li>Hacer llegar la informaci\u00f3n a qui\u00e9n la necesita: Ya sea dirigiendo documentos a trav\u00e9s de un flujo de trabajo o env\u00edando informaci\u00f3n extra\u00edda de documentos a sistemas externos como correo, sistemas terceros, o repositorios documentales.<\/li>\n<li>Eliminar p\u00e9rdidas de tiempo en b\u00fasquedas: Conseguir que un software busque documentos y contenidos de la misma manera en que lo har\u00eda un humano, gracias a la sem\u00e1ntica, significa b\u00fasquedas m\u00e1s precisas y por lo tanto, menos tiempo desperdicio.<\/li>\n<\/ul>\n","protected":false},"excerpt":{"rendered":"<p>Un software de gesti\u00f3n documental es una aplicaci\u00f3n que permite el tratamiento, conservaci\u00f3n, publicaci\u00f3n y trabajo sobre documentos electr\u00f3nicos (ya sean documentos escaneados o que se haya creado originalmente en digital). BSX pone su disposici\u00f3n nuestra herramienta SGD Sistema de gesti\u00f3n documental para su instituci\u00f3n. Ventajas de un sistema de&hellip; <\/p>\n","protected":false},"author":1,"featured_media":0,"parent":147,"menu_order":0,"comment_status":"closed","ping_status":"closed","template":"","meta":{"footnotes":""},"class_list":["post-133","page","type-page","status-publish","hentry"],"_links":{"self":[{"href":"https:\/\/www.besixplus.com\/index.php?rest_route=\/wp\/v2\/pages\/133","targetHints":{"allow":["GET"]}}],"collection":[{"href":"https:\/\/www.besixplus.com\/index.php?rest_route=\/wp\/v2\/pages"}],"about":[{"href":"https:\/\/www.besixplus.com\/index.php?rest_route=\/wp\/v2\/types\/page"}],"author":[{"embeddable":true,"href":"https:\/\/www.besixplus.com\/index.php?rest_route=\/wp\/v2\/users\/1"}],"replies":[{"embeddable":true,"href":"https:\/\/www.besixplus.com\/index.php?rest_route=%2Fwp%2Fv2%2Fcomments&post=133"}],"version-history":[{"count":2,"href":"https:\/\/www.besixplus.com\/index.php?rest_route=\/wp\/v2\/pages\/133\/revisions"}],"predecessor-version":[{"id":146,"href":"https:\/\/www.besixplus.com\/index.php?rest_route=\/wp\/v2\/pages\/133\/revisions\/146"}],"up":[{"embeddable":true,"href":"https:\/\/www.besixplus.com\/index.php?rest_route=\/wp\/v2\/pages\/147"}],"wp:attachment":[{"href":"https:\/\/www.besixplus.com\/index.php?rest_route=%2Fwp%2Fv2%2Fmedia&parent=133"}],"curies":[{"name":"wp","href":"https:\/\/api.w.org\/{rel}","templated":true}]}}